{"id":415,"date":"2014-02-19T15:22:53","date_gmt":"2014-02-19T14:22:53","guid":{"rendered":"http:\/\/gnausch.net\/efpwp\/?page_id=415"},"modified":"2016-06-29T11:05:22","modified_gmt":"2016-06-29T10:05:22","slug":"press1","status":"publish","type":"page","link":"http:\/\/gnausch.net\/efpwp\/archive\/cyprus-checkpoint-ledra-street-2009\/press1\/","title":{"rendered":"Press"},"content":{"rendered":"<p><a href=\"http:\/\/gnausch.net\/efpwp\/archive\/cyprus-checkpoint-ledra-street-2009\/\">Back<\/a><\/p>\n<p>Press Cyprus Checkpoint Ledra street 2009<\/p>\n<ul>\n<li><a href=\"http:\/\/gnausch.net\/efpwp\/wp-content\/uploads\/2014\/02\/BrittaErnstZypern2.pdf\" target=\"_blank\">Sette \u2013 Britta Ernst \u2013 <em>Grenzen ueberwinden mit den sanften Riesen<\/em><\/a><\/li>\n<li><a href=\"http:\/\/gnausch.net\/efpwp\/archive\/cyprus-checkpoint-ledra-street-2009\/press1\/heidi-trautmannartcl\/\" target=\"_blank\">Cyprus Today \u2013 Heidi Trautmann \u2013 <em>Give peace a chance, says German artist<\/em><\/a><\/li>\n<li><a href=\"http:\/\/gnausch.net\/efpwp\/wp-content\/uploads\/2014\/02\/CyprusMail1.pdf\" target=\"_blank\">Cyprus Mail \u2013 Zoe Christodoulides \u2013 <em>Elephants on the Green Line<\/em><\/a><\/li>\n<li><a href=\"http:\/\/news.xinhuanet.com\/english\/2009-05\/10\/content_11344778.htm\" target=\"_blank\">Xinhua News Agency (China View) \u2013 Zhang Xiang \u2013 <em>Elephant artworks displayed in Cyprus<\/em><\/a>, \u00a0<a href=\"http:\/\/gnausch.net\/efpwp\/wp-content\/uploads\/2013\/12\/PDF-Cyprus-Checkpoint-Ledra-street-2009-Xinhua-News-Agency-%E2%80%93-Zhang-Xiang-3-files-merged.pdf\" target=\"_blank\">PDF<\/a><\/li>\n<li><a href=\"http:\/\/gnausch.net\/efpwp\/documents\/CMLENewsletterSummer2009.pdf\" target=\"_blank\">Bold Leaders \u2013 <em>\u201cGo Ganesha Go\u201d brings a stampede to the Buffer Zone in Cyprus<\/em><\/a><\/li>\n<li><a href=\"http:\/\/www.heiditrautmann.com\/category.aspx?CID=7251336818\" target=\"_blank\">Heidi Trautmann \u2013 <em><span id=\"LabelCategoryName\">There was a dream \u2013 GoGaneshaGo has moved on \u2013 Review.\u00a0\u00a0\u00a0\u00a0\u00a0\u00a0\u00a0\u00a0\u00a0 <\/span><\/em><\/a><a href=\"http:\/\/www.heiditrautmann.com\/category.aspx?CID=7251336818\" target=\"_blank\"><span id=\"LabelCategoryName\"><em>Letter to an Elephant<\/em> by Ne<\/span><span id=\"LabelCategoryName\">\u015fe Ya\u015fin.\u00a0\u00a0\u00a0\u00a0\u00a0\u00a0\u00a0 Opening speech by Mrs Ute Woermann-Stylianou<\/span><\/a>,\u00a0<a href=\"http:\/\/gnausch.net\/efpwp\/wp-content\/uploads\/2013\/12\/PDF-Heidi-Trautmann.pdf\" target=\"_blank\">PDF<\/a><\/li>\n<li><a href=\"http:\/\/gnausch.net\/efpwp\/wp-content\/uploads\/2013\/12\/IMG_0055mm.pdf\">Goethe Institut \u2013 Ute Woermann-Stylianou, Programme<\/a><\/li>\n<li><a href=\"http:\/\/gnausch.net\/efpwp\/wp-content\/uploads\/2013\/12\/IMG_0067.pdf\">YeniD\u00fczen \u2013 <em>Minik ellerden bari\u015f filleri<\/em><\/a>,\u00a0 <a href=\"http:\/\/gnausch.net\/efpwp\/wp-content\/uploads\/2013\/12\/IMG_0083.pdf\">2nd part<\/a><\/li>\n<li><a href=\"http:\/\/gnausch.net\/efpwp\/wp-content\/uploads\/2013\/12\/IMG_0069.pdf\">Yenid\u00fczen \u2013 Ne\u015fe Ya\u015f\u0131n \u2013 <em>Filler ve Kibris Sorunu<\/em><\/a><\/li>\n<li><a href=\"http:\/\/gnausch.net\/efpwp\/wp-content\/uploads\/2013\/12\/IMG_0077.pdf\" target=\"_blank\">Kibrisli \u2013 <em>\u201cBar\u0131\u015f I\u00e7\u0131n filler\u201d serg\u0131s\u0131 a\u00e7\u0131ld\u0131<\/em><\/a><\/li>\n<li><a href=\"http:\/\/gnausch.net\/efpwp\/wp-content\/uploads\/2013\/12\/IMG_0078.pdf\">Havadis \u2013 <em>Filler bari\u015f I\u00e7\u0131n Lefko\u015fa\u2019ya yayildi<\/em><\/a><\/li>\n<li><a href=\"http:\/\/gnausch.net\/efpwp\/wp-content\/uploads\/2013\/12\/IMG_0080.pdf\">Star Kibris \u2013 <em>Sokakta \u201cBar\u0131\u015f I\u00e7\u0131n filler\u201d sergisi<\/em><\/a><\/li>\n<li><a href=\"http:\/\/gnausch.net\/efpwp\/wp-content\/uploads\/2013\/12\/IMG_0081.pdf\">Kibris 1<\/a>,\u00a0<a href=\"http:\/\/gnausch.net\/efpwp\/wp-content\/uploads\/2013\/12\/IMG_0082.pdf\">2<\/a><\/li>\n<li><a href=\"http:\/\/gnausch.net\/efpwp\/wp-content\/uploads\/2013\/12\/IMG_0084.pdf\">Hallan Sesi \u2013 <em>Lokmaci\u2019da \u201cBar\u0131\u015f I\u00e7\u0131n filler\u201d sergisi<\/em><\/a><\/li>\n<li><a href=\"http:\/\/gnausch.net\/efpwp\/wp-content\/uploads\/2013\/12\/IMG_0085.pdf\">\u03a0\u039f\u039b\u0399\u03a4\u0397\u03a3 \u03a4\u0397\u03a3 \u039a\u03a5\u03a1\u0399\u0391\u039a\u03a3 \u2013 \u03a7\u03c1v\u03bf\u03c4\u03b1 \u039d\u03b9\u03b6\u03b1\u03bd\u03b7 \u2013 <em>\u03a0\u03b1\u03c1\u03b5\u03bb\u03b1\u03bf\u03b7 \u03b5\u03bb\u03b5\u03c6\u03b1\u03bd\u03c4\u03c9\u03bd \u03c3\u03c4\u03b7 \u039b\u03b7\u03b4\u03c1\u03b1\u03b6<\/em><\/a><\/li>\n<li><a href=\"http:\/\/gnausch.net\/efpwp\/wp-content\/uploads\/2013\/12\/yeniduzen-2009.pdf\">Yenid\u00fczen \u2013 \u00d6d\u00fcl A\u015f\u0131k \u00dclker \u2013 <em>Bar\u0131\u015f filleri geliyor<\/em><\/a>, <a href=\"http:\/\/gnausch.net\/efpwp\/wp-content\/uploads\/2013\/12\/IMG_01051.pdf\">2<\/a><\/li>\n<li><a href=\"http:\/\/gnausch.net\/efpwp\/wp-content\/uploads\/2013\/12\/IMG_0079.pdf\" target=\"_blank\">Ortam Gazetesi \u2013 <em>\u201cBar\u0131\u015f I\u00e7\u0131n filler\u201d isimli sokak sergisi a\u00e7ildi<\/em><\/a><\/li>\n<\/ul>\n","protected":false},"excerpt":{"rendered":"<p>Back Press Cyprus Checkpoint Ledra street 2009 Sette \u2013 Britta Ernst \u2013 Grenzen ueberwinden mit den sanften Riesen Cyprus Today \u2013 Heidi Trautmann \u2013 Give peace a chance, says German artist Cyprus Mail \u2013 Zoe Christodoulides \u2013 Elephants on the Green Line Xinhua News Agency (China View) \u2013 Zhang Xiang \u2013 Elephant artworks displayed in <a class=\"read-more\" href=\"http:\/\/gnausch.net\/efpwp\/archive\/cyprus-checkpoint-ledra-street-2009\/press1\/\">[&hellip;]<\/a><\/p>\n","protected":false},"author":5,"featured_media":0,"parent":410,"menu_order":2,"comment_status":"closed","ping_status":"closed","template":"","meta":[],"_links":{"self":[{"href":"http:\/\/gnausch.net\/efpwp\/wp-json\/wp\/v2\/pages\/415"}],"collection":[{"href":"http:\/\/gnausch.net\/efpwp\/wp-json\/wp\/v2\/pages"}],"about":[{"href":"http:\/\/gnausch.net\/efpwp\/wp-json\/wp\/v2\/types\/page"}],"author":[{"embeddable":true,"href":"http:\/\/gnausch.net\/efpwp\/wp-json\/wp\/v2\/users\/5"}],"replies":[{"embeddable":true,"href":"http:\/\/gnausch.net\/efpwp\/wp-json\/wp\/v2\/comments?post=415"}],"version-history":[{"count":42,"href":"http:\/\/gnausch.net\/efpwp\/wp-json\/wp\/v2\/pages\/415\/revisions"}],"predecessor-version":[{"id":1459,"href":"http:\/\/gnausch.net\/efpwp\/wp-json\/wp\/v2\/pages\/415\/revisions\/1459"}],"up":[{"embeddable":true,"href":"http:\/\/gnausch.net\/efpwp\/wp-json\/wp\/v2\/pages\/410"}],"wp:attachment":[{"href":"http:\/\/gnausch.net\/efpwp\/wp-json\/wp\/v2\/media?parent=415"}],"curies":[{"name":"wp","href":"https:\/\/api.w.org\/{rel}","templated":true}]}}