{"id":154,"date":"2013-12-19T16:04:43","date_gmt":"2013-12-19T15:04:43","guid":{"rendered":"http:\/\/gnausch.net\/efpwp\/?page_id=154"},"modified":"2018-06-13T17:45:07","modified_gmt":"2018-06-13T16:45:07","slug":"sponsors","status":"publish","type":"page","link":"http:\/\/gnausch.net\/efpwp\/sponsors\/","title":{"rendered":"Sponsors"},"content":{"rendered":"<p><a title=\"Supporters\" href=\"http:\/\/gnausch.net\/efpwp\/supporters\/\">back<\/a><\/p>\n<h5>The Peace Elephants would like to thank the following people and companies<\/h5>\n<p>&nbsp;<\/p>\n<p><a href=\"http:\/\/www.brauweilerblog.de\/2012\/10\/17\/abtei-brauweiler-mein-beitrag-fur-elephants-for-peace\/\">Abtei Brauweiler<\/a><\/p>\n<p>Albrecht Klaus<\/p>\n<p>Apolloni Jo\u00ebl<\/p>\n<p>Birinci Deniz<\/p>\n<p>Blechinger Nicolai<\/p>\n<p>Boss Andrea<\/p>\n<p>Brochert Barbara<\/p>\n<p><a href=\"http:\/\/www.caparol.de\" target=\"_blank\" rel=\"noopener\">Caparol, Schersching Andreas<\/a><\/p>\n<p>Dieckmann Volker<\/p>\n<p>Etemadi, Caf\u00e9 Wagen<\/p>\n<p><a href=\"http:\/\/www.fahnenstudio.de\">Fahnenstudio, Sirotski Klaus<\/a><\/p>\n<p>Frings Norbert Dr.<\/p>\n<p>Gennat Katja<\/p>\n<p>Gerlach, Rolf Dr. President Sparkassenverbandes Westfalen-Lippe<\/p>\n<p><a href=\"http:\/\/www.grossgestalten.de\">gro\u00dfgestalten, Gro\u00df Tobias<\/a><\/p>\n<p>Gr\u00fcnke Sabine photographer<\/p>\n<p><a href=\"http:\/\/www.hagerpapprint.de\/aktuelles.php\">Hager Papprint<\/a><\/p>\n<p><a href=\"\/\/www.hausarztpraxis-koeln.de\">Haus\u00e4rzliche Gemeinschaftspraxis K\u00f6ln-L\u00f6venich, Dr med Wolfram Landmann<\/a><\/p>\n<p>H\u00fcbner Patricia<\/p>\n<p>Joan Abell\u00f3 Juanpere, Reial Cercle Art\u00edstic de Barcelona<\/p>\n<p>Keifer Anja webdesigner<\/p>\n<p>Lamberti Mrs, Passigatti<\/p>\n<p>Leifeld Bernd, director documenta,<\/p>\n<p>Leischner Axel, organizer exhibition in Muehlheim<\/p>\n<p>Lenzen C, Blumen Lenzen<\/p>\n<p><a href=\"http:\/\/www.moselwerbung.de\" target=\"_blank\" rel=\"noopener\">Marmann Christian and Frank Fass<\/a><\/p>\n<p>Massa Murat Taxi<\/p>\n<p>Molz Druckerei<\/p>\n<p><a href=\"http:\/\/www.motor-fritsche.de\/t3\/index.php?id=4\" target=\"_blank\" rel=\"noopener\">Motor Fritsche K\u00f6ln<\/a><\/p>\n<p><a href=\"http:\/\/www.muzeum-zamek.pl\/wydarzenia.php\">Muzeum Zamek<\/a><\/p>\n<p>Nikosan Art Design Illustration, Strasbourg<\/p>\n<p><a href=\"http:\/\/www.passigatti.com\/nc\/information\/fashion-news\/article\/elephants-for-peace.html\">Passigatti<\/a><\/p>\n<p>Pauly Ralf, artist<\/p>\n<p>Richter Joachim<\/p>\n<p><a href=\"http:\/\/www.rotonda.de\/de\/\" target=\"_blank\" rel=\"noopener\">Rotonda Business Club, Grosz Andreas<\/a><\/p>\n<p>Salaou, Nafiou founding member and webmaster<\/p>\n<p>Schenk Hans-Peter<\/p>\n<p><a href=\"https:\/\/www.boesner.com\/niederlassungen\/perl\" target=\"_blank\" rel=\"noopener\">Schmelzer\u00a0Christof, Boesner Perl <\/a><\/p>\n<p>Schmitz Katja 2 Goldfisch<\/p>\n<p><a href=\"http:\/\/www.eventea.de\" target=\"_blank\" rel=\"noopener\">Schr\u00f6ter Alfred, eventea<\/a><\/p>\n<p>Schwersching Andreas, Caparol<\/p>\n<p>Synko EV, Vedat G\u00fcnes<\/p>\n<p><a href=\"\/\/www.tandem-kunst.de\" target=\"_blank\" rel=\"noopener\">Tandem Lagerhaus und Kraftverkehr Kunst GmbH, Hillmann Klaus<\/a><\/p>\n<p>Tanmedia, Bagherzadeh<\/p>\n<p><a href=\"http:\/\/www.ekatecy.com\/news\/news_20090102.htm\" target=\"_blank\" rel=\"noopener\">Trimikliniotis Daphne EKATE<\/a><\/p>\n<p><a href=\"www.mana-binz.de\" target=\"_blank\" rel=\"noopener\">Weibrecht, Mana Binz<\/a><\/p>\n<p>W\u00f6lfges G\u00fcnther, Direktor Sparkasse Bernkastel-Kues<\/p>\n<p>Maurice Stieger, <a href=\"http:\/\/www.mauricestieger.de\" target=\"_blank\" rel=\"noopener\">Holzkunst<\/a><\/p>\n","protected":false},"excerpt":{"rendered":"<p>back The Peace Elephants would like to thank the following people and companies &nbsp; Abtei Brauweiler Albrecht Klaus Apolloni Jo\u00ebl Birinci Deniz Blechinger Nicolai Boss Andrea Brochert Barbara Caparol, Schersching Andreas Dieckmann Volker Etemadi, Caf\u00e9 Wagen Fahnenstudio, Sirotski Klaus Frings Norbert Dr. Gennat Katja Gerlach, Rolf Dr. President Sparkassenverbandes Westfalen-Lippe gro\u00dfgestalten, Gro\u00df Tobias Gr\u00fcnke Sabine <a class=\"read-more\" href=\"http:\/\/gnausch.net\/efpwp\/sponsors\/\">[&hellip;]<\/a><\/p>\n","protected":false},"author":2,"featured_media":0,"parent":0,"menu_order":0,"comment_status":"closed","ping_status":"closed","template":"","meta":[],"_links":{"self":[{"href":"http:\/\/gnausch.net\/efpwp\/wp-json\/wp\/v2\/pages\/154"}],"collection":[{"href":"http:\/\/gnausch.net\/efpwp\/wp-json\/wp\/v2\/pages"}],"about":[{"href":"http:\/\/gnausch.net\/efpwp\/wp-json\/wp\/v2\/types\/page"}],"author":[{"embeddable":true,"href":"http:\/\/gnausch.net\/efpwp\/wp-json\/wp\/v2\/users\/2"}],"replies":[{"embeddable":true,"href":"http:\/\/gnausch.net\/efpwp\/wp-json\/wp\/v2\/comments?post=154"}],"version-history":[{"count":33,"href":"http:\/\/gnausch.net\/efpwp\/wp-json\/wp\/v2\/pages\/154\/revisions"}],"predecessor-version":[{"id":1632,"href":"http:\/\/gnausch.net\/efpwp\/wp-json\/wp\/v2\/pages\/154\/revisions\/1632"}],"wp:attachment":[{"href":"http:\/\/gnausch.net\/efpwp\/wp-json\/wp\/v2\/media?parent=154"}],"curies":[{"name":"wp","href":"https:\/\/api.w.org\/{rel}","templated":true}]}}